is divided by 50.
29
Let r(o) = -o**3 + o**2. Let s be r(1). Suppose 5*h - 14 - 171 = s. Let f = h - 30. What is the remainder when 18 is divided by f?
4
Calculate the remainder when -118*((-12)/54 + 946/(-36)) is divided by 17.
16
Let j = 12 - -58. What is the remainder when j is divided by ((-29)/(-87))/((5/(-90))/(2/(-3)))?
2
Let g(b) = 108*b - 11. Let f(h) = 108*h - 10. Let s(r) = 6*f(r) - 5*g(r). Let x be s(3). Let p = x - 174. Calculate the remainder when p is divided by 37.
34
Let j(h) = 4*h**3 + 3*h + 2. Let n be j(-2). Let l = 347 - 371. Let w = l - n. What is the remainder when 34 is divided by w?
10
Let q = -7282 - -8693. What is the remainder when q is divided by 8?
3
Suppose -2*k + 3*t - 49 - 230 = 0, 4*t - 548 = 4*k. Let w = k - -149. Calculate the remainder when 252 is divided by w.
14
Suppose 13*n = 950 + 3275. Suppose 0 = -5*r + h + n, -h - 195 = -3*r - 3*h. What is the remainder when 121 is divided by r?
56
Let n(u) = -u**2 + 2*u - 3. Let k be n(4). Let r(h) = 10*h + 182. Let z be r(-14). Let o = k + z. What is the remainder when 121 is divided by o?
28
Suppose 2*x = 4, 2*w - 4*w + 76 = -2*x. Suppose 0 = -2*z + 3*m - 69, -66*z + 4*m - 103 = -63*z. Let l = w + z. What is the remainder when 25 is divided by l?
4
Let k(j) = 93*j + 113. Let i be k(-4). Let m = i + 286. What is the remainder when m is divided by 5?
2
Let g = 2293 - 2222. What is the remainder when g is divided by 70?
1
Let l(i) = i**2 - 193*i + 1902. Calculate the remainder when 351 is divided by l(10).
63
Let g(x) = -3*x**3 + 2*x**2 - x - 1. Let a(r) = -6*r + 32. Let c be a(-16). Let m = c - -2. What is the remainder when m is divided by g(-2)?
31
Suppose 2*d + d + 15 = 0, -4*s - 2*d = -78. Calculate the remainder when s is divided by ((-15)/(-60))/((-2)/(-56)).
1
Suppose -6*i + 2*i = 9*i - 5382. Calculate the remainder when i is divided by 133.
15
Let c = 6614 + -6490. What is the remainder when c is divided by 53?
18
Suppose -30*v + 0*v = -6600. Calculate the remainder when 221 is divided by v.
1
Suppose 0 = i + 4*r - 531, -7*i - 2079 = -11*i - r. What is the remainder when i is divided by 22?
13
Let d(i) = 0*i - 16*i + 3*i + 8. Let h = 1755 + -1757. Calculate the remainder when d(h) is divided by 19.
15
Let q(g) = -12*g**3 + 3*g**2 + 2*g + 3. Suppose -10090 + 37715 = 1105*k. Calculate the remainder when q(-3) is divided by k.
23
Let y = -2619 - -2713. What is the remainder when 192 is divided by y?
4
Let f = -69 - -175. Let l = f + -64. Suppose -171 = -51*x + l*x. Calculate the remainder when 33 is divided by x.
14
Let v(j) = 95*j**2 + 2*j - 2. Suppose -9*a + 4*a = 5*h - 125, 4*a - 100 = 3*h. What is the remainder when v(1) is divided by a?
20
What is the remainder when 26910/14 + 106/(-2226)*(3 + 0) is divided by 71?
5
Let h(k) = 5*k**2 - 4*k - 7150. Calculate the remainder when h(-38) is divided by (-1 - 1)*(1 - 9).
14
Suppose -20*z + 2810 = -730. What is the remainder when z is divided by 17?
7
Let a(f) = -f**2 + 21*f - 27. Let x be a(14). Let l be 2 - 1 - (x + (3 - 6)). Let w = l + 72. What is the remainder when 23 is divided by w?
3
Let m(g) = -g**3 - 8*g**2 - 9*g + 24. Let w be m(-6). Let k(q) = 71*q - 234. Calculate the remainder when k(w) is divided by 66.
60
Suppose 5*k + 2*x - 55 = 0, 104*x - 103*x - 21 = -2*k. Calculate the remainder when 1187 is divided by k.
4
Suppose 0 = 122*n + 469 - 1521 - 1998. What is the remainder when 70 + (1*2 - 1) is divided by n?
21
Suppose -34*k + 1914 = -k. Calculate the remainder when k is divided by 119/42 + (-2)/(-12).
1
Let u(y) = 5*y**2 - 4*y**2 + 2 - 12*y + 5*y - 6 + 26. Calculate the remainder when 62 is divided by u(6).
14
Let q(g) = 6*g + 65. Let f be q(-10). Suppose -1015 = -24*l - f*l. Calculate the remainder when 55 is divided by l.
20
What is the remainder when 12434 is divided by (-10 + (-420)/21)/(2 - 4)?
14
Suppose -4*u + 16 = -0. Suppose 12 = -i - d + 39, -3*i + 81 = u*d. What is the remainder when 54 is divided by i?
0
Let q = 180 - 189. Calculate the remainder when 476 is divided by (-2)/8 - (q - 1710/24).
76
Let a = 4966 - 4963. Let s(c) = c**2 + 4*c - 4. Let t be s(-6). Let j = t + -5. Calculate the remainder when j is divided by a.
0
Suppose -4733 + 4058 = -135*m. Let k = 21 - 9. Calculate the remainder when k is divided by m.
2
Suppose 66*h - 65*h - 856 = -3*p, 580 = 2*p + 3*h. What is the remainder when 321 is divided by p?
37
Let k(x) = 4*x**3 - 87*x**2 - 27*x + 195. What is the remainder when 108 is divided by k(22)?
23
Let s(q) = 49*q + 195. Let o(r) = 24*r + 97. Let l(v) = 5*o(v) - 3*s(v). What is the remainder when l(-6) is divided by 16?
14
Suppose 12 + 4 = 8*w. Suppose -w*c - 8 = 32. Let m(o) = o + 45. Calculate the remainder when 48 is divided by m(c).
23
Let b(v) = -138*v + 3348. What is the remainder when b(14) is divided by 11?
8
Let v be (395 - 0) + (-6)/4*2. Suppose -v + 112 = -8*k. Calculate the remainder when k is divided by 10.
5
Let k(a) = -252*a - 3993. Suppose 2*l = -o - 54 + 200, 2*l - o - 154 = 0. Calculate the remainder when l is divided by k(-16).
36
Let l(a) = -a**2 + 4*a - 7. Let m be l(4). Let u = m + 8. Let j(v) = v**2 - 7*v + 3. What is the remainder when j(7) is divided by u?
0
Let g = -7269 + 7269. Let d = 10 + -5. Suppose g = y - 4*r + 5, d*y - 75 = -2*r - 3*r. What is the remainder when 43 is divided by y?
10
Suppose 0 = -g, -2*g + 0*g = 2*s + 2. Let q(k) = -50*k + 6. What is the remainder when 223 is divided by q(s)?
55
Suppose 14*q - 4*q - 100 = 0. Calculate the remainder when 12 is divided by -1 + 58/q - 4/(-20).
2
Calculate the remainder when (-14)/(-133) + (-911113)/(-1387) is divided by (4 + 0 + 0)*5.
17
Suppose -70*k + 130*k = 36900. Calculate the remainder when 1234 is divided by k.
4
Suppose 2*y = -22 + 8. What is the remainder when 124 is divided by y*6/63*-36?
4
Let q = 12 - -520. Let d be (2/(-4))/((-19)/q). Suppose -8*c - d = -9*c. Calculate the remainder when 208 is divided by c.
12
What is the remainder when (-9580)/(-8) + (-5)/10 is divided by 15?
12
Let j(z) = 10*z + 5. Let u(g) = -5*g - 137. Let l be u(30). Let b = l - -307. Calculate the remainder when j(5) is divided by b.
15
Suppose 0 = l + 21 - 23, -3*l + 132 = 3*m. What is the remainder when 345 is divided by m?
9
Let r(y) be the third derivative of -11*y**4/12 + 5*y**3/6 - 19*y**2. Let d be r(-8). Let z = 364 - d. What is the remainder when z is divided by 46?
45
Let b(j) = 319*j - 126. Calculate the remainder when b(1) is divided by 99.
94
Suppose -3 = p - 2*d - 174, d = 4*p - 712. Suppose p = -5*k + 294. Calculate the remainder when 89 is divided by k.
20
Suppose 10*j = 24 + 6. Suppose -9 = -j*a - 3*r, -5*r + 0 + 8 = 4*a. Suppose a - 75 = -2*z. Calculate the remainder when 67 is divided by z.
33
Calculate the remainder when 57 is divided by (106/3 - 13) + (-3)/9.
13
Let a = -11673 + 11773. Calculate the remainder when 688 is divided by a.
88
Let x be -1*(6/12 + 3/6). What is the remainder when 17 is divided by -18*(2/6)/x?
5
Let n(m) = -m**2 + 14*m - 169. Let a be n(7). What is the remainder when 284 is divided by (-1)/(-1 - a/123)?
38
Suppose 31*z - 2*s = 29*z + 120, -s = 2*z - 126. Calculate the remainder when 74 is divided by z.
12
Let o = -35 - 0. Let b = 80 + o. Calculate the remainder when b is divided by 17.
11
Let w = -129 - -131. Suppose -4*k + w*z + 26 = 0, -3*k + 2*z + z = -18. What is the remainder when 13 is divided by k?
6
Let z(i) = -302*i + 1902. Calculate the remainder when z(6) is divided by 19.
14
Let d = 15333 + -14822. What is the remainder when d is divided by 12?
7
Suppose -2*q - 2*a + 3*a = -192, 4*a = -8. Suppose 1041 + 252 + 627 = 80*n. What is the remainder when q is divided by n?
23
Suppose -2*f + 0*f = 26. Let b(u) = -u**2 - 15*u + 18. Let c be b(f). What is the remainder when c + -1 - (23 - 23) is divided by 12?
7
Let v(u) = -86*u**2 - 4*u - 16. Let p be v(-2). Let x = p + 370. What is the remainder when 46 is divided by x?
10
Let y = -264 + 274. What is the remainder when 257 is divided by (y/(-3))/(1/(1 - 7))?
17
Suppose 123*w + 19 = 151*w - 37. Suppose -33 + 13 = -4*c. Suppose n + 3*n + w*o = 36, c*o = n + 13. What is the remainder when 26 is divided by n?
5
Let f(u) = u**3 - 6*u**2 - 14. Let b be f(6). Let h = b - -22. Calculate the remainder when 12